 (-4)/(-3)*q/2 is divided by 6.
4
Suppose -3*n + 10 = -2. What is the remainder when 39 is divided by n?
3
Suppose 3*i + 4 = 4*i. Suppose -a - f - 4*f = 18, 4*a - 48 = i*f. What is the remainder when 18 is divided by a?
4
Let o be 6/(-27) - 295/9. Let z = 98 + o. Suppose -3*s - z = -4*l, -3 = s - 0*s. Calculate the remainder when 53 is divided by l.
11
Let c be 8/(-1 - 3) - -51. Let l = -26 + c. What is the remainder when 134*-1*2/(-4) is divided by l?
21
Suppose 7*z + 18 = 8*z. What is the remainder when z is divided by 5?
3
Suppose -14 = -3*z - 2*h - 0, 2*h = -z + 10. Let t = 5 - z. Calculate the remainder when 8 is divided by t.
2
Let n be ((-10)/40)/((-1)/4). Let q be -1 - (2 - (-19 - -2)). Let z = n - q. Calculate the remainder when z is divided by 11.
10
Let f = -2 - -8. Calculate the remainder when 16 is divided by f.
4
Let d(k) = 7*k - 6. Let u be d(3). What is the remainder when (-10)/u + (-208)/(-6) is divided by 9?
7
Let p = -15 + 21. Calculate the remainder when 13 is divided by p.
1
What is the remainder when 17 is divided by 12 - (0 - 1)*(0 - 2)?
7
Suppose 2*s - 16 = -2*s. Suppose n + s*j + 0 = -3, -3*n + 59 = -5*j. What is the remainder when 34 is divided by n?
8
Suppose -6 = -a + 2*j + 4, -2*j = 2*a - 32. Let x = -20 + a. What is the remainder when 3 is divided by (-4)/5*15/x?
1
Let o = 4 - -6. Calculate the remainder when 2/(-9) + (-335)/(-9) is divided by o.
7
Let y = -19 + 39. Calculate the remainder when y is divided by 7.
6
Let v = 149 - 62. Calculate the remainder when v is divided by 30.
27
Suppose -9 - 2 = -z - 2*p, 5*p = z - 25. Let q(d) be the third derivative of 3*d**5/20 - d**3/6 - d**2. What is the remainder when z is divided by q(-1)?
7
Suppose -2*z - 175 = 3*z. Suppose -3*r = -5*r + 18. What is the remainder when 2/(-4)*(z + 1) is divided by r?
8
Let i(h) = -h**2 + 6*h + 3. Let j be i(6). Suppose y - j = 3. What is the remainder when 17 is divided by y?
5
Let s be 0/(6/(-3) - -1). Suppose -n + 4*r = n - 120, -2*r = n - 52. Calculate the remainder when n is divided by s - (-1 + 2) - -20.
18
Suppose 4*d - d = -24. What is the remainder when d/(-28) - (-570)/14 is divided by 14?
13
Suppose -3*b + 5*b + 60 = 0. What is the remainder when 12/(-10)*b/9 is divided by 2?
0
Let a(n) be the first derivative of 37*n**2/2 + n + 8. Calculate the remainder when a(1) is divided by 20.
18
Let b(w) = 2*w - 5. Let i be b(4). Suppose j + i*j - 64 = 0. Calculate the remainder when 62 is divided by j.
14
Let z be (-1)/((-1)/15*1). Let m = 9 + -4. Suppose 0*o = -m*o + z. Calculate the remainder when 8 is divided by o.
2
Calculate the remainder when 30 is divided by 0 + 7/((-28)/(-64)).
14
Let c(q) = -q - 2. Let k(w) = 4*w + 2. Suppose 2*f + 3*s = -2*f - 8, f - 2*s - 9 = 0. What is the remainder when k(f) is divided by c(-4)?
0
Let y = 32 - 9. Calculate the remainder when 90 is divided by y.
21
Let d(j) = j**3 + 4*j**2 + 4. Let l(a) = -a**3 - 3*a**2 + a - 4. Let v(q) = 2*d(q) + 3*l(q). What is the remainder when v(-3) is divided by 2?
1
Let q = 36 - 21. Let d = q - 7. Let c = 25 - 10. Calculate the remainder when c is divided by d.
7
Let l(h) = h**2 - 2*h + 4. Calculate the remainder when l(-3) is divided by (18/18)/((-1)/(-7)).
5
Suppose -2*s + 14 = -14. Let v = 14 + -10. Calculate the remainder when s is divided by v.
2
Suppose -4*h + 64 = 4*i - 0*i, -5*i = -4*h + 82. Suppose k - h = 2*r, -7*k + 4*r + 108 = -2*k. What is the remainder when 47 is divided by k?
23
Let i(f) be the third derivative of -f**4/12 + f**2. Calculate the remainder when i(-5) is divided by 4.
2
Let n = 11 + -8. Let c(x) = x + 10. What is the remainder when c(-5) is divided by n?
2
Let t(j) = 2*j - 6. What is the remainder when 39 is divided by t(16)?
13
Suppose t + t = 0, 5*y = -3*t + 10. Let h(w) = 9*w - 1. What is the remainder when 49 is divided by h(y)?
15
Let i = 3 + 6. Suppose h - i = 27. Suppose -66 = -3*z - x, 2*z + x - h - 7 = 0. What is the remainder when z is divided by 13?
10
What is the remainder when (-117)/(-2)*16/12 is divided by 20?
18
Let a = 40 - 23. Let y = 2 + 0. Suppose 0 = y*u + w - 68, -w = -u - 3 + 31. Calculate the remainder when u is divided by a.
15
Let u(v) = -v**2 + 14*v - 9. What is the remainder when 28 is divided by u(13)?
0
Suppose 15 = 2*s + 3. What is the remainder when 22 is divided by s?
4
Suppose -8*k + 634 = -86. Calculate the remainder when k is divided by 31.
28
Suppose 3*p - 56 = -2*m - 0*p, -2*p - 21 = -m. Let z be (-1)/(-2) + (-6)/(-4). Suppose 0 = 3*y + z*y - m. What is the remainder when 19 is divided by y?
4
Let a = 116 - 88. What is the remainder when 54 is divided by a?
26
Suppose 2*j = 11 + 45. Calculate the remainder when j is divided by 9.
1
Let s = -53 - -116. Calculate the remainder when s is divided by 16.
15
Let w(r) = 3 - r**2 - 11 + 8*r - 6*r**2 + r**3 + 0*r**2. Let a be w(6). Suppose 3*x + 1 - a = 0. Calculate the remainder when x is divided by 1.
0
Let t = -27 - -25. Let f(h) = -6*h + 2. Calculate the remainder when f(t) is divided by 5.
4
Let o = -68 - -100. Calculate the remainder when o is divided by 17.
15
Let k be 8/(-36) - (-2)/9. What is the remainder when k/(6/3) + 28 is divided by 10?
8
Let m(a) = -4 + 3*a - 3 + 5 - 7*a. Calculate the remainder when 25 is divided by m(-4).
11
Let h(c) = -2*c + 38. Calculate the remainder when 67 is divided by h(12).
11
Suppose u + 3*g = 4*g - 1, -5*g = 4*u - 14. Calculate the remainder when u is divided by ((-2)/6)/(2/(-6)).
0
Suppose 0*o + o = 4. Suppose 3*h = -t - 23, -2*h = -o*t - 13 - 9. Calculate the remainder when (-146)/(-4) + (-4)/t is divided by 13.
11
Suppose 0 = -5*a - 25, 3*a = -3*u - 0 + 24. Let b = 130 - 93. Calculate the remainder when b is divided by u.
11
Suppose -2*x - x + 15 = 0. Suppose s + 3*y - 16 = 0, 0 = 4*s + s + 2*y - 15. Let g(q) = q + 1. What is the remainder when x is divided by g(s)?
1
Let q = 36 + -25. What is the remainder when 41 is divided by q?
8
What is the remainder when -1*(-232)/12 + (-3)/9 is divided by 4?
3
Let h(k) = -2*k**2 - 23*k + 3. What is the remainder when 87 is divided by h(-11)?
3
Suppose -26*y + 164 = -18. What is the remainder when y is divided by 1/((-4 + 2)/(-10))?
2
Calculate the remainder when 153 is divided by 13/(50/15 + -3).
36
Suppose 3 = -d + 12. Let y(k) = -8*k + 12. Let n be y(-5). Calculate the remainder when d is divided by 0 - (-13)/(n/24).
3
What is the remainder when (-66)/(-10) - 6/(-15) is divided by 2?
1
Let z = -1 + 1. Suppose -32 = -4*k - z. Calculate the remainder when k is divided by 5.
3
Let o(s) = -s**3 - s**2 - 2*s - 2. Let z be o(-2). Suppose q + 5*j + 27 = 5*q, q - 2*j = z. Let r(g) = g + 23. What is the remainder when r(0) is divided by q?
7
Suppose -8*m = -4*m. Suppose m*u - 4 = -u. Suppose -5*l - 48 = -u*s, 0 = 5*s + l - 20 - 40. What is the remainder when 33 is divided by s?
9
Suppose -6*w + 2*t = -w - 25, 25 = -5*t. Let m = 25 - w. What is the remainder when m is divided by 14?
8
Suppose 10*d = 5*d - 15. Let j(p) be the first derivative of p**3 - 2*p**2 - 2*p - 8. What is the remainder when j(d) is divided by 13?
11
Suppose 13 = 2*k - 25. Let v = k + -13. What is the remainder when 16 is divided by v?
4
Let l(j) = -j**2 - 18*j - 26. What is the remainder when 152 is divided by l(-11)?
50
Let f be 0/1*1/2. Calculate the remainder when 76 is divided by (f + -1)/(3/(-78)).
24
Let g = 30 + -42. Let w = g + 28. Calculate the remainder when 30 is divided by w.
14
Suppose 2*s = -4*r + 2, 2*s = -2*r + 4*s + 16. Suppose 0 = r*p - 51 - 60. Let g = 125 - 106. Calculate the remainder when p is divided by g.
18
Suppose -4*y - 13 + 49 = 0. Suppose -2*h - 3 = -y, 4*h = 3*v - 24. What is the remainder when 34 is divided by v?
10
Let f = -25 + 35. Suppose 3*g = 4*g - 27. What is the remainder when g is divided by f?
7
Let z(v) = v**3 + 2*v**2 - v + 1. Let n be z(-3). Let f = n - -8. What is the remainder when f is divided by 3?
0
Let z be 10*(-2)/((-4)/5). Suppose -2*s = 5*q - z, 0 = s - 3*s. Suppose 2*t = t + q. Calculate the remainder when 8 is divided by t.
3
Suppose -231 = -4*t - 51. Suppose -q - n + 36 = 0, 0*q = -q + 2*n + t. What is the remainder when q is divided by 10?
9
Suppose 4*k - 5*i - 4 = 67, -15 = -k + 4*i. What is the remainder when 37 is divided by k?
18
Suppose g - 4*